{"id":957,"date":"2018-08-31T14:36:11","date_gmt":"2018-08-31T17:36:11","guid":{"rendered":"https:\/\/ens36-sfe.infd.edu.ar\/sitio\/historia\/"},"modified":"2020-11-04T16:05:46","modified_gmt":"2020-11-04T19:05:46","slug":"historia","status":"publish","type":"page","link":"https:\/\/ens36-sfe.infd.edu.ar\/sitio\/el-instituto\/historia\/","title":{"rendered":"Historia"},"content":{"rendered":"<p class=\"Naranja_resaltadoAzul\">Breve Rese\u00f1a<\/p>\n<p class=\"MsoNormal\" style=\"margin: 0cm -24.8pt 0pt 0cm;\"><span style=\"font-family: arial, helvetica, sans-serif; font-size: 12pt;\">La escuela surge por la propuesta del Diputado Nacional J.<\/span><\/p>\n<p class=\"MsoNormal\" style=\"margin: 0cm -24.8pt 0pt 0cm;\"><span style=\"font-family: arial,helvetica,sans-serif; font-size: 12pt;\">R. Rodriguez en la c\u00e1mara de Diputados el 10 de enero de<\/span><\/p>\n<p class=\"MsoNormal\" style=\"margin: 0cm -24.8pt 0pt 0cm;\"><span style=\"font-family: arial,helvetica,sans-serif; font-size: 12pt;\">1917, quien presenta la urgente necesidad de la creaci\u00f3n <\/span><\/p>\n<p class=\"MsoNormal\" style=\"margin: 0cm -24.8pt 0pt 0cm;\"><span style=\"font-family: arial,helvetica,sans-serif; font-size: 12pt;\">de una Escuela Normal de Maestros por cuanto la <\/span><\/p>\n<p class=\"MsoNormal\" style=\"margin: 0cm -24.8pt 0pt 0cm;\"><span style=\"font-family: arial,helvetica,sans-serif; font-size: 12pt;\">poblaci\u00f3n provincial era ya muy alta y elevado tambi\u00e9n el <\/span><\/p>\n<p class=\"MsoNormal\" style=\"margin: 0cm -24.8pt 0pt 0cm;\"><span style=\"font-family: arial,helvetica,sans-serif; font-size: 12pt;\">\u00edndice de analfabetismo. Su propuesta fue votada y <\/span><\/p>\n<p class=\"MsoNormal\" style=\"margin: 0cm -24.8pt 0pt 0cm;\"><span style=\"font-family: arial,helvetica,sans-serif; font-size: 12pt;\">aprobada. Al crearse, comienza a funcionar en un edificio provincial que alquila el Gobierno Nacional. En dicho <\/span><\/p>\n<p class=\"MsoNormal\" style=\"margin: 0cm -24.8pt 0pt 0cm;\"><span style=\"font-family: arial,helvetica,sans-serif; font-size: 12pt;\">edificio ya se <\/span><span style=\"font-family: arial,helvetica,sans-serif; font-size: 12pt;\">encontra<\/span><span style=\"font-family: arial,helvetica,sans-serif; font-size: 12pt;\">ba una escuela provincial llamada<\/span><\/p>\n<p class=\"MsoNormal\" style=\"margin: 0cm -24.8pt 0pt 0cm;\"><span style=\"font-family: arial,helvetica,sans-serif; font-size: 12pt;\">\u00a0\u00ab0legario V. <\/span><span style=\"font-family: arial,helvetica,sans-serif; font-size: 12pt;\">Andrade\u00bb, la <\/span><span style=\"font-family: arial,helvetica,sans-serif; font-size: 12pt;\">cual es trasladada a otro sitio. <\/span><\/p>\n<p><span style=\"font-family: arial,helvetica,sans-serif; font-size: 12pt;\">\u00a0<\/span><\/p>\n<ul>\n<li class=\"MsoNormal\" style=\"margin: 0cm 0cm 0pt; mso-list: l0 level1 lfo1; tab-stops: list 36.0pt;\"><span style=\"font-family: arial,helvetica,sans-serif; font-size: 12pt;\"><span style=\"font-family: arial,helvetica,sans-serif; font-size: 12pt;\">1917- El 26 de junio se inaugura la Escuela en calle Mitre 1650. Presencia la ceremonia el Ministro de instrucci\u00f3n P\u00fablica, Dr. Salinas.<\/span><\/span><\/li>\n<li class=\"MsoNormal\" style=\"margin: 0cm 0cm 0pt; mso-list: l0 level1 lfo1; tab-stops: list 36.0pt;\"><span style=\"font-family: arial,helvetica,sans-serif; font-size: 12pt;\"><span style=\"font-family: arial,helvetica,sans-serif; font-size: 12pt;\">1919- Se realiza la primer reuni\u00f3n de Asociaci\u00f3n de Padres: Asociaci\u00f3n pro-Escuela. <\/span><\/span><\/li>\n<li class=\"MsoNormal\" style=\"margin: 0cm 0cm 0pt; mso-list: l0 level1 lfo1; tab-stops: list 36.0pt;\"><span style=\"font-family: arial,helvetica,sans-serif; font-size: 12pt;\"><span style=\"font-family: arial,helvetica,sans-serif; font-size: 12pt;\">1921- Se crea el cargo de Sub-Regente por ampliaci\u00f3n de divisiones. <\/span><\/span><\/li>\n<li class=\"MsoNormal\" style=\"margin: 0cm 0cm 0pt; mso-list: l0 level1 lfo1; tab-stops: list 36.0pt;\"><span style=\"font-family: arial,helvetica,sans-serif; font-size: 12pt;\"><span style=\"font-family: arial,helvetica,sans-serif; font-size: 12pt;\">1937- Se alquila un anexo para ampliar el local de la escuela, lindero a la misma. <\/span><\/span><\/li>\n<li class=\"MsoNormal\" style=\"margin: 0cm 0cm 0pt; mso-list: l0 level1 lfo1; tab-stops: list 36.0pt;\"><span style=\"font-family: arial,helvetica,sans-serif; font-size: 12pt;\"><span style=\"font-family: arial,helvetica,sans-serif; font-size: 12pt;\">1940- Se firma de la escritura del terreno asignado al futuro emplazamiento de la escuela. <\/span><\/span><\/li>\n<li class=\"MsoNormal\" style=\"margin: 0cm 0cm 0pt; mso-list: l0 level1 lfo1; tab-stops: list 36.0pt;\"><span style=\"font-family: arial,helvetica,sans-serif; font-size: 12pt;\"><span style=\"font-family: arial,helvetica,sans-serif; font-size: 12pt;\">1948- Se inaugura el nuevo edificio en calle Entre R\u00edos 2366.<\/span><\/span><\/li>\n<li class=\"MsoNormal\" style=\"margin: 0cm 0cm 0pt; mso-list: l0 level1 lfo1; tab-stops: list 36.0pt;\"><span style=\"font-family: arial,helvetica,sans-serif; font-size: 12pt;\"><span style=\"font-family: arial,helvetica,sans-serif; font-size: 12pt;\">1968- Se inaugura el \u201cAltar a la Bandera\u00bb ofrecido por el Club de Madres en adhesi\u00f3n al \u201cA\u00f1o del Cincuentenario\u201d.<\/span><\/span><\/li>\n<li class=\"MsoNormal\" style=\"margin: 0cm 0cm 0pt; mso-list: l0 level1 lfo1; tab-stops: list 36.0pt;\"><span style=\"font-family: arial,helvetica,sans-serif; font-size: 12pt;\"><span style=\"font-family: arial,helvetica,sans-serif; font-size: 12pt;\">1970- Se obtienen en la escuela los t\u00edtulos de Bachilleres Nacionales, Bachilleres con Orientaci\u00f3n Pedag\u00f3gica y Bachilleres Especializados en Ciencias Biol\u00f3gicas. <\/span><\/span><\/li>\n<li class=\"MsoNormal\" style=\"margin: 0cm 0cm 0pt; mso-list: l0 level1 lfo1; tab-stops: list 36.0pt;\"><span style=\"font-family: arial,helvetica,sans-serif; font-size: 12pt;\"><span style=\"font-family: arial,helvetica,sans-serif; font-size: 12pt;\">1973- El nivel primario incorpora a las ni\u00f1as. Se transforma en mixta. <\/span><\/span><\/li>\n<li class=\"MsoNormal\" style=\"margin: 0cm 0cm 0pt; mso-list: l0 level1 lfo1; tab-stops: list 36.0pt;\"><span style=\"font-family: arial,helvetica,sans-serif; font-size: 12pt;\"><span style=\"font-family: arial,helvetica,sans-serif; font-size: 12pt;\">1975- Se incorpora el Profesorado para la Ense\u00f1anza Primaria, denomin\u00e1ndose Escuela Normal Superior N\u00ba 3 \u00abMariano Moreno\u00bb. <\/span><\/span><\/li>\n<li class=\"MsoNormal\" style=\"margin: 0cm 0cm 0pt; mso-list: l0 level1 lfo1; tab-stops: list 36.0pt;\"><span style=\"font-family: arial,helvetica,sans-serif; font-size: 12pt;\"><span style=\"font-family: arial,helvetica,sans-serif; font-size: 12pt;\">1987- Se crea la Escuela de Voley. <\/span><\/span><\/li>\n<li class=\"MsoNormal\" style=\"margin: 0cm 0cm 0pt; mso-list: l0 level1 lfo1; tab-stops: list 36.0pt;\"><span style=\"font-family: arial,helvetica,sans-serif; font-size: 12pt;\"><span style=\"font-family: arial,helvetica,sans-serif; font-size: 12pt;\">1992- Se realizan los festejos del 75\u00ba Aniversario. Autoridades, profesores, maestros, alumnos y ex-alumnos se sumaron a\u00a0la grata conmemoraci\u00f3n. <\/span><\/span><\/li>\n<li><span style=\"font-family: arial,helvetica,sans-serif; font-size: 12pt;\"><span class=\"Texto_arial\" style=\"font-size: 12pt; font-family: Arial; mso-fareast-font-family: 'Times New Roman'; mso-ansi-language: ES-AR; mso-fareast-language: ES; mso-bidi-language: AR-SA;\"><span style=\"font-family: arial,helvetica,sans-serif;\">1994- En abril la Escuela Normal N\u00ba 3 es transferida al Ministerio de Educaci\u00f3n de la Provincia de Santa Fe, reemplazando su denominaci\u00f3n por Escuela Normal Superior N\u00ba 36 \u201cMariano Moreno\u201d.<\/span><\/span><\/span><\/li>\n<\/ul>\n<p><a href=\"http:\/\/normal36mmoreno.blogspot.com.ar\/p\/historia-de-la-escuela.html\"> m\u00e1s sobre la Historia de la Escuela<\/a><\/p>\n","protected":false},"excerpt":{"rendered":"<p>Breve Rese\u00f1a La escuela surge por la propuesta del Diputado Nacional J. R. Rodriguez en la c\u00e1mara de Diputados el 10 de enero de 1917, quien presenta la urgente necesidad de la creaci\u00f3n de una Escuela Normal de Maestros por cuanto la poblaci\u00f3n provincial era ya muy alta y elevado tambi\u00e9n el \u00edndice de analfabetismo. &#8230; <a title=\"Historia\" class=\"read-more\" href=\"https:\/\/ens36-sfe.infd.edu.ar\/sitio\/el-instituto\/historia\/\" aria-label=\"More on Historia\">[+]<\/a><\/p>\n","protected":false},"author":2476,"featured_media":0,"parent":1685,"menu_order":0,"comment_status":"closed","ping_status":"closed","template":"","meta":[],"acf":[],"_links":{"self":[{"href":"https:\/\/ens36-sfe.infd.edu.ar\/sitio\/wp-json\/wp\/v2\/pages\/957"}],"collection":[{"href":"https:\/\/ens36-sfe.infd.edu.ar\/sitio\/wp-json\/wp\/v2\/pages"}],"about":[{"href":"https:\/\/ens36-sfe.infd.edu.ar\/sitio\/wp-json\/wp\/v2\/types\/page"}],"author":[{"embeddable":true,"href":"https:\/\/ens36-sfe.infd.edu.ar\/sitio\/wp-json\/wp\/v2\/users\/2476"}],"replies":[{"embeddable":true,"href":"https:\/\/ens36-sfe.infd.edu.ar\/sitio\/wp-json\/wp\/v2\/comments?post=957"}],"version-history":[{"count":1,"href":"https:\/\/ens36-sfe.infd.edu.ar\/sitio\/wp-json\/wp\/v2\/pages\/957\/revisions"}],"predecessor-version":[{"id":1783,"href":"https:\/\/ens36-sfe.infd.edu.ar\/sitio\/wp-json\/wp\/v2\/pages\/957\/revisions\/1783"}],"up":[{"embeddable":true,"href":"https:\/\/ens36-sfe.infd.edu.ar\/sitio\/wp-json\/wp\/v2\/pages\/1685"}],"wp:attachment":[{"href":"https:\/\/ens36-sfe.infd.edu.ar\/sitio\/wp-json\/wp\/v2\/media?parent=957"}],"curies":[{"name":"wp","href":"https:\/\/api.w.org\/{rel}","templated":true}]}}

<p class="Naranja_resaltadoAzul">Breve Reseña</p>
<p class="MsoNormal" style="margin: 0cm -24.8pt 0pt 0cm;"><span style="font-family: arial, helvetica, sans-serif; font-size: 12pt;">La escuela surge por la propuesta del Diputado Nacional J.</span></p>
<p class="MsoNormal" style="margin: 0cm -24.8pt 0pt 0cm;"><span style="font-family: arial,helvetica,sans-serif; font-size: 12pt;">R. Rodriguez en la cámara de Diputados el 10 de enero de</span></p>
<p class="MsoNormal" style="margin: 0cm -24.8pt 0pt 0cm;"><span style="font-family: arial,helvetica,sans-serif; font-size: 12pt;">1917, quien presenta la urgente necesidad de la creación </span></p>
<p class="MsoNormal" style="margin: 0cm -24.8pt 0pt 0cm;"><span style="font-family: arial,helvetica,sans-serif; font-size: 12pt;">de una Escuela Normal de Maestros por cuanto la </span></p>
<p class="MsoNormal" style="margin: 0cm -24.8pt 0pt 0cm;"><span style="font-family: arial,helvetica,sans-serif; font-size: 12pt;">población provincial era ya muy alta y elevado también el </span></p>
<p class="MsoNormal" style="margin: 0cm -24.8pt 0pt 0cm;"><span style="font-family: arial,helvetica,sans-serif; font-size: 12pt;">índice de analfabetismo. Su propuesta fue votada y </span></p>
<p class="MsoNormal" style="margin: 0cm -24.8pt 0pt 0cm;"><span style="font-family: arial,helvetica,sans-serif; font-size: 12pt;">aprobada. Al crearse, comienza a funcionar en un edificio provincial que alquila el Gobierno Nacional. En dicho </span></p>
<p class="MsoNormal" style="margin: 0cm -24.8pt 0pt 0cm;"><span style="font-family: arial,helvetica,sans-serif; font-size: 12pt;">edificio ya se </span><span style="font-family: arial,helvetica,sans-serif; font-size: 12pt;">encontra</span><span style="font-family: arial,helvetica,sans-serif; font-size: 12pt;">ba una escuela provincial llamada</span></p>
<p class="MsoNormal" style="margin: 0cm -24.8pt 0pt 0cm;"><span style="font-family: arial,helvetica,sans-serif; font-size: 12pt;"> «0legario V. </span><span style="font-family: arial,helvetica,sans-serif; font-size: 12pt;">Andrade», la </span><span style="font-family: arial,helvetica,sans-serif; font-size: 12pt;">cual es trasladada a otro sitio. </span></p>
<p><span style="font-family: arial,helvetica,sans-serif; font-size: 12pt;"> </span></p>
<ul>
<li class="MsoNormal" style="margin: 0cm 0cm 0pt; mso-list: l0 level1 lfo1; tab-stops: list 36.0pt;"><span style="font-family: arial,helvetica,sans-serif; font-size: 12pt;"><span style="font-family: arial,helvetica,sans-serif; font-size: 12pt;">1917- El 26 de junio se inaugura la Escuela en calle Mitre 1650. Presencia la ceremonia el Ministro de instrucción Pública, Dr. Salinas.</span></span></li>
<li class="MsoNormal" style="margin: 0cm 0cm 0pt; mso-list: l0 level1 lfo1; tab-stops: list 36.0pt;"><span style="font-family: arial,helvetica,sans-serif; font-size: 12pt;"><span style="font-family: arial,helvetica,sans-serif; font-size: 12pt;">1919- Se realiza la primer reunión de Asociación de Padres: Asociación pro-Escuela. </span></span></li>
<li class="MsoNormal" style="margin: 0cm 0cm 0pt; mso-list: l0 level1 lfo1; tab-stops: list 36.0pt;"><span style="font-family: arial,helvetica,sans-serif; font-size: 12pt;"><span style="font-family: arial,helvetica,sans-serif; font-size: 12pt;">1921- Se crea el cargo de Sub-Regente por ampliación de divisiones. </span></span></li>
<li class="MsoNormal" style="margin: 0cm 0cm 0pt; mso-list: l0 level1 lfo1; tab-stops: list 36.0pt;"><span style="font-family: arial,helvetica,sans-serif; font-size: 12pt;"><span style="font-family: arial,helvetica,sans-serif; font-size: 12pt;">1937- Se alquila un anexo para ampliar el local de la escuela, lindero a la misma. </span></span></li>
<li class="MsoNormal" style="margin: 0cm 0cm 0pt; mso-list: l0 level1 lfo1; tab-stops: list 36.0pt;"><span style="font-family: arial,helvetica,sans-serif; font-size: 12pt;"><span style="font-family: arial,helvetica,sans-serif; font-size: 12pt;">1940- Se firma de la escritura del terreno asignado al futuro emplazamiento de la escuela. </span></span></li>
<li class="MsoNormal" style="margin: 0cm 0cm 0pt; mso-list: l0 level1 lfo1; tab-stops: list 36.0pt;"><span style="font-family: arial,helvetica,sans-serif; font-size: 12pt;"><span style="font-family: arial,helvetica,sans-serif; font-size: 12pt;">1948- Se inaugura el nuevo edificio en calle Entre Ríos 2366.</span></span></li>
<li class="MsoNormal" style="margin: 0cm 0cm 0pt; mso-list: l0 level1 lfo1; tab-stops: list 36.0pt;"><span style="font-family: arial,helvetica,sans-serif; font-size: 12pt;"><span style="font-family: arial,helvetica,sans-serif; font-size: 12pt;">1968- Se inaugura el “Altar a la Bandera» ofrecido por el Club de Madres en adhesión al “Año del Cincuentenario”.</span></span></li>
<li class="MsoNormal" style="margin: 0cm 0cm 0pt; mso-list: l0 level1 lfo1; tab-stops: list 36.0pt;"><span style="font-family: arial,helvetica,sans-serif; font-size: 12pt;"><span style="font-family: arial,helvetica,sans-serif; font-size: 12pt;">1970- Se obtienen en la escuela los títulos de Bachilleres Nacionales, Bachilleres con Orientación Pedagógica y Bachilleres Especializados en Ciencias Biológicas. </span></span></li>
<li class="MsoNormal" style="margin: 0cm 0cm 0pt; mso-list: l0 level1 lfo1; tab-stops: list 36.0pt;"><span style="font-family: arial,helvetica,sans-serif; font-size: 12pt;"><span style="font-family: arial,helvetica,sans-serif; font-size: 12pt;">1973- El nivel primario incorpora a las niñas. Se transforma en mixta. </span></span></li>
<li class="MsoNormal" style="margin: 0cm 0cm 0pt; mso-list: l0 level1 lfo1; tab-stops: list 36.0pt;"><span style="font-family: arial,helvetica,sans-serif; font-size: 12pt;"><span style="font-family: arial,helvetica,sans-serif; font-size: 12pt;">1975- Se incorpora el Profesorado para la Enseñanza Primaria, denominándose Escuela Normal Superior Nº 3 «Mariano Moreno». </span></span></li>
<li class="MsoNormal" style="margin: 0cm 0cm 0pt; mso-list: l0 level1 lfo1; tab-stops: list 36.0pt;"><span style="font-family: arial,helvetica,sans-serif; font-size: 12pt;"><span style="font-family: arial,helvetica,sans-serif; font-size: 12pt;">1987- Se crea la Escuela de Voley. </span></span></li>
<li class="MsoNormal" style="margin: 0cm 0cm 0pt; mso-list: l0 level1 lfo1; tab-stops: list 36.0pt;"><span style="font-family: arial,helvetica,sans-serif; font-size: 12pt;"><span style="font-family: arial,helvetica,sans-serif; font-size: 12pt;">1992- Se realizan los festejos del 75º Aniversario. Autoridades, profesores, maestros, alumnos y ex-alumnos se sumaron a la grata conmemoración. </span></span></li>
<li><span style="font-family: arial,helvetica,sans-serif; font-size: 12pt;"><span class="Texto_arial" style="font-size: 12pt; font-family: Arial; mso-fareast-font-family: 'Times New Roman'; mso-ansi-language: ES-AR; mso-fareast-language: ES; mso-bidi-language: AR-SA;"><span style="font-family: arial,helvetica,sans-serif;">1994- En abril la Escuela Normal Nº 3 es transferida al Ministerio de Educación de la Provincia de Santa Fe, reemplazando su denominación por Escuela Normal Superior Nº 36 “Mariano Moreno”.</span></span></span></li>
</ul>
<p><a href="http://normal36mmoreno.blogspot.com.ar/p/historia-de-la-escuela.html"> más sobre la Historia de la Escuela</a></p>

<p>Breve Reseña La escuela surge por la propuesta del Diputado Nacional J. R. Rodriguez en la cámara de Diputados el 10 de enero de 1917, quien presenta la urgente necesidad de la creación de una Escuela Normal de Maestros por cuanto la población provincial era ya muy alta y elevado también el índice de analfabetismo. &#8230; <a title="Historia" class="read-more" href="https://ens36-sfe.infd.edu.ar/sitio/el-instituto/historia/" aria-label="More on Historia">[+]</a></p>
