{"id":929,"date":"2018-08-31T14:36:04","date_gmt":"2018-08-31T17:36:04","guid":{"rendered":"https:\/\/ens36-sfe.infd.edu.ar\/sitio\/revista-aulas-del-3\/"},"modified":"2026-03-26T08:32:04","modified_gmt":"2026-03-26T11:32:04","slug":"revista-aulas-del-3","status":"publish","type":"page","link":"https:\/\/ens36-sfe.infd.edu.ar\/sitio\/revista-aulas-del-3\/","title":{"rendered":"Revista Aulas del 3"},"content":{"rendered":"\n<div class=\"wp-block-columns alignwide is-layout-flex wp-container-10\">\n<div class=\"wp-block-column is-vertically-aligned-top has-contrast-color has-base-3-background-color has-text-color has-background has-medium-font-size is-layout-flow\" style=\"flex-basis:100%\">\n<div class=\"separator\" style=\"clear: both; text-align: center;\">\n<div class=\"separator\" style=\"clear: both; text-align: center;\">&nbsp;<\/div>\n<h6><img decoding=\"async\" loading=\"lazy\" class=\"alignnone  wp-image-1616\" src=\"https:\/\/ens36-sfe.infd.edu.ar\/sitio\/wp-content\/uploads\/2020\/09\/aulas-del-3.png\" alt=\"\" width=\"500\" height=\"333\"><\/h6>\n<h6><strong>Foto: Julia B\u00e9cares, 2018<\/strong><\/h6>\n<p><span style=\"font-family: arial, helvetica, sans-serif; font-size: 14pt;\">La Revista Aulas del 3 es una publicaci\u00f3n de periodicidad anual del nivel superior de la Escuela Normal Superior N\u00ba 36 \u00abMariano Moreno\u00bb que comenz\u00f3 a editarse en 2012.<\/span><\/p>\n<h4>&nbsp;<\/h4>\n<h4><span style=\"color: #808080;\"><strong>N\u00daMEROS PUBLICADOS AULAS DEL 3<\/strong><\/span><\/h4>\n<p>En este momento continuamos avanzando en la digitalizaci\u00f3n de los diferentes n\u00fameros de Aulas del 3 lo cuales se podr\u00e1n encontrar en la siguiente p\u00e1gina:&nbsp;&nbsp;https:\/\/lanormal.academia.edu\/AULASDEL3Aulasdel3<\/p>\n<\/div>\n\n\n\n<div class=\"wp-block-columns is-layout-flex wp-container-8\">\n<div class=\"wp-block-column is-vertically-aligned-bottom has-background has-medium-font-size is-layout-flow\" style=\"background:linear-gradient(90deg,rgb(238,238,238) 0%,rgb(169,184,195) 100%);flex-basis:100%\">\n<div class=\"wp-block-columns is-layout-flex wp-container-2\">\n<div class=\"wp-block-column is-layout-flow\" style=\"flex-basis:100%\"><div class=\"wp-block-image\">\n<figure class=\"aligncenter size-full is-resized\"><img decoding=\"async\" loading=\"lazy\" src=\"https:\/\/ens36-sfe.infd.edu.ar\/sitio\/wp-content\/uploads\/2026\/03\/tapa-Aula_del_3-_N12_-2025-1.jpg\" alt=\"\" class=\"wp-image-2745\" width=\"268\" height=\"377\"\/><\/figure><\/div>\n\n\n<p class=\"has-text-align-center\"><a href=\"https:\/\/www.academia.edu\/165317265\/Aulas_del_3_nu_mero_12\"><strong>REVISTA AULAS DEL 3 N\u00b012<\/strong> <\/a> <\/p>\n\n\n\n<p class=\"has-text-align-center\"><sub>2025<\/sub><\/p>\n\n\n<div class=\"wp-block-image\">\n<figure class=\"aligncenter size-full is-resized\"><img decoding=\"async\" loading=\"lazy\" src=\"https:\/\/ens36-sfe.infd.edu.ar\/sitio\/wp-content\/uploads\/2025\/02\/Captura-de-pantalla-2025-02-26-101400-2.png\" alt=\"\" class=\"wp-image-2649\" width=\"267\" height=\"363\"\/><figcaption class=\"wp-element-caption\"><strong><a href=\"https:\/\/www.academia.edu\/127874321\/Revista_Aulas_del_3_n%C3%BAmero_11_diciembre_de_2024\">REVISTA AULAS DEL 3 N\u00ba 11<\/a><\/strong><br><sub>2024<\/sub><\/figcaption><\/figure><\/div>\n\n<div class=\"wp-block-image is-style-default\">\n<figure class=\"aligncenter size-full is-resized\"><img decoding=\"async\" loading=\"lazy\" src=\"https:\/\/ens36-sfe.infd.edu.ar\/sitio\/wp-content\/uploads\/2024\/08\/10.jpg\" alt=\"AULAS DEL 3 N\u00b010 &quot;LOS DESAF\u00cdOS DE LA INTERCULTURALIDAD&quot;\" class=\"wp-image-2487\" width=\"269\" height=\"313\"\/><figcaption class=\"wp-element-caption\"><a href=\"https:\/\/www.academia.edu\/107481943\/AULAS_DEL_3_N_10_LOS_DESAF%C3%8DOS_DE_LA_INTERCULTURALIDAD_\"><strong>REVISTA AULAS DEL 3 N\u00b010<\/strong> <\/a><br><sup><em>\u00abLos desaf\u00edos de la interculturalidad\u00bb <br>2023<\/em><\/sup><\/figcaption><\/figure><\/div><\/div>\n<\/div>\n\n\n\n<div class=\"wp-block-columns is-layout-flex wp-container-4\">\n<div class=\"wp-block-column is-layout-flow\" style=\"flex-basis:100%\"><div class=\"wp-block-image\">\n<figure class=\"aligncenter size-full is-resized\"><img decoding=\"async\" loading=\"lazy\" src=\"https:\/\/ens36-sfe.infd.edu.ar\/sitio\/wp-content\/uploads\/2024\/08\/9.jpg\" alt=\"Revista Aulas del 3 N\u00b0 9 \u201cEducar en tiempos inesperados. Experiencias formativas durante la pandemia\u201d - 2022 - Edici\u00f3n y diagramaci\u00f3n: Silvina Maroni\" class=\"wp-image-2488\" width=\"253\" height=\"329\"\/><figcaption class=\"wp-element-caption\"><strong><a href=\"https:\/\/www.academia.edu\/85134083\/Revista_Aulas_del_3_N_9_Educar_en_tiempos_inesperados_Experiencias_formativas_durante_la_pandemia_2022_Edici%C3%B3n_y_diagramaci%C3%B3n_Silvina_Maroni\">REVISTA AULAS DEL 3 N\u00b09<\/a><\/strong> <br><sup><sub><em>\u201cEducar en tiempos inesperados. <\/em><br><em>Experiencias formativas <\/em><br><em>durante la pandemia\u201d <br> 2022 <\/em><\/sub><\/sup><\/figcaption><\/figure><\/div><\/div>\n<\/div>\n\n\n\n<div class=\"wp-block-columns is-layout-flex wp-container-6\">\n<div class=\"wp-block-column is-layout-flow\" style=\"flex-basis:100%\"><div class=\"wp-block-image\">\n<figure class=\"aligncenter size-full is-resized\"><img decoding=\"async\" loading=\"lazy\" src=\"https:\/\/ens36-sfe.infd.edu.ar\/sitio\/wp-content\/uploads\/2024\/08\/8.jpg\" alt=\"\" class=\"wp-image-2489\" width=\"254\" height=\"332\"\/><figcaption class=\"wp-element-caption\"><strong><a href=\"https:\/\/www.academia.edu\/44379793\/Aulas_del_3_N_8_Pensar_y_construir_la_escuela_p%C3%BAblica_2020_Edici%C3%B3n_y_diagramaci%C3%B3n_Silvina_Maroni\">REVISTA AULAS DEL 3 N\u00b08<\/a><\/strong> <br><em><sub>\u00abPensar y construir la escuela p\u00fablica\u00bb<\/sub><\/em> <br><sup> <\/sup><em><sup>2020<\/sup> <\/em><\/figcaption><\/figure><\/div><\/div>\n<\/div>\n\n\n<div class=\"wp-block-image\">\n<figure class=\"aligncenter size-full is-resized\"><img decoding=\"async\" loading=\"lazy\" src=\"https:\/\/ens36-sfe.infd.edu.ar\/sitio\/wp-content\/uploads\/2024\/08\/7-CAPTURA.png\" alt=\"\" class=\"wp-image-2506\" width=\"253\" height=\"247\"\/><figcaption class=\"wp-element-caption\"><a href=\"https:\/\/www.academia.edu\/44386440\/Aulas_del_3_n_7_N%C3%BAmero_especial_del_Centenario_2018_Laborde_Editor\"><strong> REVISTA AULAS DEL 3 N\u00b07<\/strong> <\/a> <br><em><sub>\u00abN\u00famero Especial del Centenario\u00bb <br>2018 <\/sub><\/em><\/figcaption><\/figure><\/div>\n\n<div class=\"wp-block-image\">\n<figure class=\"aligncenter size-full is-resized\" style=\"background:linear-gradient(90deg,rgb(238,238,238) 0%,rgb(169,184,195) 100%)\"><img decoding=\"async\" loading=\"lazy\" src=\"https:\/\/ens36-sfe.infd.edu.ar\/sitio\/wp-content\/uploads\/2024\/08\/6-CAPTURA.png\" alt=\"\" class=\"wp-image-2507\" width=\"253\" height=\"248\"\/><figcaption class=\"wp-element-caption\"><a href=\"https:\/\/www.academia.edu\/44386491\/Aulas_del_3_n_6_Desaf%C3%ADos_de_la_Educaci%C3%B3n_Inicial_2017_Laborde_Editor\"><strong>REVISTA AULAS DEL 3 N\u00b06<\/strong> <\/a><br><sub><em>\u00abDesaf\u00edos de la Educaci\u00f3n Inicial\u00bb <br> 2017<\/em><\/sub><br><\/figcaption><\/figure><\/div>\n\n<div class=\"wp-block-image is-style-default\">\n<figure class=\"aligncenter size-full is-resized\"><img decoding=\"async\" loading=\"lazy\" src=\"https:\/\/ens36-sfe.infd.edu.ar\/sitio\/wp-content\/uploads\/2024\/08\/5-CAPTURA.png\" alt=\"\" class=\"wp-image-2508\" width=\"259\" height=\"268\" title=\"REVISTA AULAS DEL 3\"\/><figcaption class=\"wp-element-caption\"><a href=\"https:\/\/www.academia.edu\/44386570\/Aulas_del_3_n_5_Filosof%C3%ADa_con_ni%C3%B1os_2016_Laborde_Editor\"><strong>REVISTA AULAS DEL 3 N\u00b05<\/strong> <\/a><br><em><sub>\u00abFilosof\u00eda con ni\u00f1os\u00bb <br>2016 <\/sub><\/em><br><\/figcaption><\/figure><\/div>\n\n<div class=\"wp-block-image is-style-rounded\">\n<figure class=\"aligncenter size-full is-resized\"><a href=\"https:\/\/ens36-sfe.infd.edu.ar\/sitio\/wp-content\/uploads\/2020\/09\/aulas-del-3.png\"><img decoding=\"async\" loading=\"lazy\" src=\"https:\/\/ens36-sfe.infd.edu.ar\/sitio\/wp-content\/uploads\/2020\/09\/aulas-del-3.png\" alt=\"\" class=\"wp-image-1616\" width=\"286\" height=\"192\" title=\"REVISTA AULAS DEL 3\"\/><\/a><figcaption class=\"wp-element-caption\"><strong><a href=\"https:\/\/drive.google.com\/file\/d\/1mk_ylc_P8KmaorRjqKsSdIU5iUOyatvv\/view?usp=sharing\">REVISTA AULAS <\/a><\/strong><br><strong><a href=\"https:\/\/drive.google.com\/file\/d\/1mk_ylc_P8KmaorRjqKsSdIU5iUOyatvv\/view?usp=sharing\">DEL 3 N\u00b0 1 <\/a><\/strong><br><em><sub><em>\u201cDe aulas y escrituras\u00bb <\/em><br> 2012<\/sub><\/em><br><\/figcaption><\/figure><\/div><\/div>\n<\/div>\n<\/div>\n<\/div>\n\n\n\n<div class=\"wp-block-columns is-layout-flex wp-container-13\">\n<div class=\"wp-block-column is-layout-flow\">\n<div class=\"wp-block-columns is-layout-flex wp-container-11\"><\/div>\n<\/div>\n<\/div>\n","protected":false},"excerpt":{"rendered":"<p>&nbsp; Foto: Julia B\u00e9cares, 2018 La Revista Aulas del 3 es una publicaci\u00f3n de periodicidad anual del nivel superior de la Escuela Normal Superior N\u00ba 36 \u00abMariano Moreno\u00bb que comenz\u00f3 a editarse en 2012. &nbsp; N\u00daMEROS PUBLICADOS AULAS DEL 3 En este momento continuamos avanzando en la digitalizaci\u00f3n de los diferentes n\u00fameros de Aulas del &#8230; <a title=\"Revista Aulas del 3\" class=\"read-more\" href=\"https:\/\/ens36-sfe.infd.edu.ar\/sitio\/revista-aulas-del-3\/\" aria-label=\"More on Revista Aulas del 3\">[+]<\/a><\/p>\n","protected":false},"author":2476,"featured_media":0,"parent":0,"menu_order":0,"comment_status":"closed","ping_status":"closed","template":"","meta":[],"acf":[],"_links":{"self":[{"href":"https:\/\/ens36-sfe.infd.edu.ar\/sitio\/wp-json\/wp\/v2\/pages\/929"}],"collection":[{"href":"https:\/\/ens36-sfe.infd.edu.ar\/sitio\/wp-json\/wp\/v2\/pages"}],"about":[{"href":"https:\/\/ens36-sfe.infd.edu.ar\/sitio\/wp-json\/wp\/v2\/types\/page"}],"author":[{"embeddable":true,"href":"https:\/\/ens36-sfe.infd.edu.ar\/sitio\/wp-json\/wp\/v2\/users\/2476"}],"replies":[{"embeddable":true,"href":"https:\/\/ens36-sfe.infd.edu.ar\/sitio\/wp-json\/wp\/v2\/comments?post=929"}],"version-history":[{"count":30,"href":"https:\/\/ens36-sfe.infd.edu.ar\/sitio\/wp-json\/wp\/v2\/pages\/929\/revisions"}],"predecessor-version":[{"id":2755,"href":"https:\/\/ens36-sfe.infd.edu.ar\/sitio\/wp-json\/wp\/v2\/pages\/929\/revisions\/2755"}],"wp:attachment":[{"href":"https:\/\/ens36-sfe.infd.edu.ar\/sitio\/wp-json\/wp\/v2\/media?parent=929"}],"curies":[{"name":"wp","href":"https:\/\/api.w.org\/{rel}","templated":true}]}}