{"id":2213,"date":"2024-03-25T08:58:32","date_gmt":"2024-03-25T11:58:32","guid":{"rendered":"https:\/\/ens36-sfe.infd.edu.ar\/sitio\/?page_id=2213"},"modified":"2024-03-25T09:05:56","modified_gmt":"2024-03-25T12:05:56","slug":"inscripcion-a-examenes-previos-y-completar-carrera","status":"publish","type":"page","link":"https:\/\/ens36-sfe.infd.edu.ar\/sitio\/educacion-secundaria-2\/inscripcion-a-examenes-previos-y-completar-carrera\/","title":{"rendered":"INSCRIPCI\u00d3N A EX\u00c1MENES PREVIOS Y COMPLETAR CARRERA"},"content":{"rendered":"\n<p>NIVEL SECUNDARIO &#8211; 2024<\/p>\n\n\n\n<p>Inscripci\u00f3n a ex\u00e1menes Previos y Completar Estudios (estudiantes que finalizaron de cursar 5to a\u00f1o) del 22\/03\/2024 al 27\/03\/2024<\/p>\n\n\n\n<p>Completar y enviar Formulario<br>&#x2b07;&#xfe0f;&#x2b07;&#xfe0f;&#x2b07;&#xfe0f;&#x2b07;&#xfe0f;&#x2b07;&#xfe0f;&#x2b07;&#xfe0f;&#x2b07;&#xfe0f;&#x2b07;&#xfe0f;&#x2b07;&#xfe0f;<\/p>\n\n\n\n<p><a href=\"https:\/\/forms.gle\/tv6a7VqsS7NC2SYD8\">https:\/\/forms.gle\/tv6a7VqsS7NC2SYD8<\/a><\/p>\n\n\n\n<p>A todxs lxs inscriptos:<\/p>\n\n\n\n<ul>\n<li>Se enviar\u00e1 el cronograma (fechas y horarios) por correo electr\u00f3nico y tambi\u00e9n, habr\u00e1 carteler\u00eda en la escuela. Ser\u00e1n , aproximadamente, del 15 al 19 de abril.<\/li>\n<\/ul>\n\n\n\n<p><\/p>\n\n\n\n<p><\/p>\n\n\n\n<p><\/p>\n\n\n\n<p><\/p>\n","protected":false},"excerpt":{"rendered":"<p>NIVEL SECUNDARIO &#8211; 2024 Inscripci\u00f3n a ex\u00e1menes Previos y Completar Estudios (estudiantes que finalizaron de cursar 5to a\u00f1o) del 22\/03\/2024 al 27\/03\/2024 Completar y enviar Formulario&#x2b07;&#xfe0f;&#x2b07;&#xfe0f;&#x2b07;&#xfe0f;&#x2b07;&#xfe0f;&#x2b07;&#xfe0f;&#x2b07;&#xfe0f;&#x2b07;&#xfe0f;&#x2b07;&#xfe0f;&#x2b07;&#xfe0f; https:\/\/forms.gle\/tv6a7VqsS7NC2SYD8 A todxs lxs inscriptos:<\/p>\n","protected":false},"author":2396,"featured_media":0,"parent":1769,"menu_order":0,"comment_status":"closed","ping_status":"closed","template":"","meta":[],"acf":[],"_links":{"self":[{"href":"https:\/\/ens36-sfe.infd.edu.ar\/sitio\/wp-json\/wp\/v2\/pages\/2213"}],"collection":[{"href":"https:\/\/ens36-sfe.infd.edu.ar\/sitio\/wp-json\/wp\/v2\/pages"}],"about":[{"href":"https:\/\/ens36-sfe.infd.edu.ar\/sitio\/wp-json\/wp\/v2\/types\/page"}],"author":[{"embeddable":true,"href":"https:\/\/ens36-sfe.infd.edu.ar\/sitio\/wp-json\/wp\/v2\/users\/2396"}],"replies":[{"embeddable":true,"href":"https:\/\/ens36-sfe.infd.edu.ar\/sitio\/wp-json\/wp\/v2\/comments?post=2213"}],"version-history":[{"count":5,"href":"https:\/\/ens36-sfe.infd.edu.ar\/sitio\/wp-json\/wp\/v2\/pages\/2213\/revisions"}],"predecessor-version":[{"id":2219,"href":"https:\/\/ens36-sfe.infd.edu.ar\/sitio\/wp-json\/wp\/v2\/pages\/2213\/revisions\/2219"}],"up":[{"embeddable":true,"href":"https:\/\/ens36-sfe.infd.edu.ar\/sitio\/wp-json\/wp\/v2\/pages\/1769"}],"wp:attachment":[{"href":"https:\/\/ens36-sfe.infd.edu.ar\/sitio\/wp-json\/wp\/v2\/media?parent=2213"}],"curies":[{"name":"wp","href":"https:\/\/api.w.org\/{rel}","templated":true}]}}