{"id":1666,"date":"2020-10-28T17:59:17","date_gmt":"2020-10-28T20:59:17","guid":{"rendered":"https:\/\/ens36-sfe.infd.edu.ar\/sitio\/?page_id=1666"},"modified":"2025-10-17T11:54:38","modified_gmt":"2025-10-17T14:54:38","slug":"educacion-inicial","status":"publish","type":"page","link":"https:\/\/ens36-sfe.infd.edu.ar\/sitio\/educacion-inicial\/","title":{"rendered":"Educaci\u00f3n Inicial"},"content":{"rendered":"\n<h2 class=\"wp-block-heading has-normal-font-size\"><strong>INSCRIPCI\u00d3N AL CICLO LEC<\/strong>TIVO 2026<\/h2>\n\n\n\n<h2 class=\"wp-block-heading has-normal-font-size\">Desde 13\/10 al 13\/11 en el horario de 11:30 a 14hs. en nuestra instituci\u00f3n La Paz 1369 <\/h2>\n\n\n\n<h2 class=\"wp-block-heading has-normal-font-size\">REQUISITOS<\/h2>\n\n\n\n<h2 class=\"wp-block-heading has-normal-font-size\">&#8211; Completar la ficha de inscripci\u00f3n &#8211; Adquirir en el lugar.<\/h2>\n\n\n\n<h2 class=\"wp-block-heading has-normal-font-size\">&#8211; Fotocopia del DNI del ni\u00f1o y de padres\/madres.<\/h2>\n\n\n\n<h2 class=\"wp-block-heading has-normal-font-size\">&#8211; Fotocopia del carnet de vacunas.<\/h2>\n\n\n\n<h2 class=\"wp-block-heading has-normal-font-size\"><br><\/h2>\n\n\n\n<p>&#8212;&#8212;&#8212;&#8212;&#8212;-<\/p>\n\n\n\n<p>PRIORIDADES DE INGRESO<\/p>\n\n\n\n<ol type=\"1\">\n<li>Alumnos\/as que <strong>ya concurren<\/strong> al establecimiento.<\/li>\n\n\n\n<li>Ni\u00f1os\/as que tengan <strong>hermanos\/as que sean alumnos\/as del <\/strong>establecimiento y pertenecen al radio escolar.<\/li>\n\n\n\n<li>Ni\u00f1os\/as que sean <strong>hijos\/as de alg\u00fan miembro del personal <\/strong>escolar de esta instituci\u00f3n.<\/li>\n\n\n\n<li>Ni\u00f1os\/as que <strong>pertenecen al radio escolar.<\/strong><\/li>\n\n\n\n<li>Ni\u00f1os\/as que tengan <strong>hermanos\/as que alumnos\/as del establecimiento<\/strong> y <strong>NO <\/strong>pertenecen al radio escolar.<\/li>\n\n\n\n<li>Ni\u00f1os\/as que <strong>no pertenecen al radio escolar.<\/strong><\/li>\n<\/ol>\n\n\n\n<p>RADIO ESCOLAR:<\/p>\n\n\n\n<p>Bv. Oro\u00f1o vereda par&nbsp;&nbsp;&nbsp;&nbsp;&nbsp;&nbsp;&nbsp;&nbsp;&nbsp;&nbsp;&nbsp;&nbsp;&nbsp;&nbsp;&nbsp;&nbsp; Av. Pellegrini vereda impar<\/p>\n\n\n\n<p>&nbsp;&nbsp;&nbsp;&nbsp;&nbsp;&nbsp;&nbsp;&nbsp;&nbsp;&nbsp;&nbsp;&nbsp;&nbsp;&nbsp;&nbsp; a&nbsp;&nbsp;&nbsp;&nbsp;&nbsp;&nbsp;&nbsp;&nbsp;&nbsp;&nbsp;&nbsp;&nbsp;&nbsp; &nbsp;&nbsp;&nbsp;&nbsp;&nbsp;&nbsp;&nbsp;&nbsp;&nbsp;&nbsp;&nbsp;&nbsp;&nbsp;&nbsp;&nbsp;&nbsp;&nbsp;&nbsp;&nbsp;&nbsp;&nbsp;&nbsp;&nbsp;&nbsp;&nbsp;&nbsp;&nbsp;&nbsp;&nbsp;&nbsp;&nbsp;&nbsp;&nbsp;&nbsp;&nbsp;&nbsp;&nbsp;&nbsp;&nbsp;&nbsp;&nbsp;&nbsp;&nbsp;&nbsp;&nbsp;&nbsp;&nbsp; a<\/p>\n\n\n\n<p>Buenos Aires vereda par&nbsp;&nbsp;&nbsp;&nbsp;&nbsp;&nbsp;&nbsp;&nbsp;&nbsp;&nbsp;&nbsp;&nbsp; Bv. Segui vereda par<\/p>\n\n\n\n<p>-El turno de preferencia estar\u00e1 sujeto al n\u00famero de aspirantes inscriptos.<\/p>\n\n\n\n<p><\/p>\n","protected":false},"excerpt":{"rendered":"<p>INSCRIPCI\u00d3N AL CICLO LECTIVO 2026 Desde 13\/10 al 13\/11 en el horario de 11:30 a 14hs. en nuestra instituci\u00f3n La Paz 1369 REQUISITOS &#8211; Completar la ficha de inscripci\u00f3n &#8211; Adquirir en el lugar. &#8211; Fotocopia del DNI del ni\u00f1o y de padres\/madres. &#8211; Fotocopia del carnet de vacunas. &#8212;&#8212;&#8212;&#8212;&#8212;- PRIORIDADES DE INGRESO RADIO ESCOLAR: &#8230; <a title=\"Educaci\u00f3n Inicial\" class=\"read-more\" href=\"https:\/\/ens36-sfe.infd.edu.ar\/sitio\/educacion-inicial\/\" aria-label=\"More on Educaci\u00f3n Inicial\">[+]<\/a><\/p>\n","protected":false},"author":2396,"featured_media":0,"parent":0,"menu_order":0,"comment_status":"closed","ping_status":"closed","template":"","meta":[],"acf":[],"_links":{"self":[{"href":"https:\/\/ens36-sfe.infd.edu.ar\/sitio\/wp-json\/wp\/v2\/pages\/1666"}],"collection":[{"href":"https:\/\/ens36-sfe.infd.edu.ar\/sitio\/wp-json\/wp\/v2\/pages"}],"about":[{"href":"https:\/\/ens36-sfe.infd.edu.ar\/sitio\/wp-json\/wp\/v2\/types\/page"}],"author":[{"embeddable":true,"href":"https:\/\/ens36-sfe.infd.edu.ar\/sitio\/wp-json\/wp\/v2\/users\/2396"}],"replies":[{"embeddable":true,"href":"https:\/\/ens36-sfe.infd.edu.ar\/sitio\/wp-json\/wp\/v2\/comments?post=1666"}],"version-history":[{"count":15,"href":"https:\/\/ens36-sfe.infd.edu.ar\/sitio\/wp-json\/wp\/v2\/pages\/1666\/revisions"}],"predecessor-version":[{"id":2721,"href":"https:\/\/ens36-sfe.infd.edu.ar\/sitio\/wp-json\/wp\/v2\/pages\/1666\/revisions\/2721"}],"wp:attachment":[{"href":"https:\/\/ens36-sfe.infd.edu.ar\/sitio\/wp-json\/wp\/v2\/media?parent=1666"}],"curies":[{"name":"wp","href":"https:\/\/api.w.org\/{rel}","templated":true}]}}

Educación Inicial

<h2 class="wp-block-heading has-normal-font-size"><strong>INSCRIPCIÓN AL CICLO LEC</strong>TIVO 2026</h2>



<h2 class="wp-block-heading has-normal-font-size">Desde 13/10 al 13/11 en el horario de 11:30 a 14hs. en nuestra institución La Paz 1369 </h2>



<h2 class="wp-block-heading has-normal-font-size">REQUISITOS</h2>



<h2 class="wp-block-heading has-normal-font-size">&#8211; Completar la ficha de inscripción &#8211; Adquirir en el lugar.</h2>



<h2 class="wp-block-heading has-normal-font-size">&#8211; Fotocopia del DNI del niño y de padres/madres.</h2>



<h2 class="wp-block-heading has-normal-font-size">&#8211; Fotocopia del carnet de vacunas.</h2>



<h2 class="wp-block-heading has-normal-font-size"><br></h2>



<p>&#8212;&#8212;&#8212;&#8212;&#8212;-</p>



<p>PRIORIDADES DE INGRESO</p>



<ol type="1">
<li>Alumnos/as que <strong>ya concurren</strong> al establecimiento.</li>



<li>Niños/as que tengan <strong>hermanos/as que sean alumnos/as del </strong>establecimiento y pertenecen al radio escolar.</li>



<li>Niños/as que sean <strong>hijos/as de algún miembro del personal </strong>escolar de esta institución.</li>



<li>Niños/as que <strong>pertenecen al radio escolar.</strong></li>



<li>Niños/as que tengan <strong>hermanos/as que alumnos/as del establecimiento</strong> y <strong>NO </strong>pertenecen al radio escolar.</li>



<li>Niños/as que <strong>no pertenecen al radio escolar.</strong></li>
</ol>



<p>RADIO ESCOLAR:</p>



<p>Bv. Oroño vereda par&nbsp;&nbsp;&nbsp;&nbsp;&nbsp;&nbsp;&nbsp;&nbsp;&nbsp;&nbsp;&nbsp;&nbsp;&nbsp;&nbsp;&nbsp;&nbsp; Av. Pellegrini vereda impar</p>



<p>&nbsp;&nbsp;&nbsp;&nbsp;&nbsp;&nbsp;&nbsp;&nbsp;&nbsp;&nbsp;&nbsp;&nbsp;&nbsp;&nbsp;&nbsp; a&nbsp;&nbsp;&nbsp;&nbsp;&nbsp;&nbsp;&nbsp;&nbsp;&nbsp;&nbsp;&nbsp;&nbsp;&nbsp; &nbsp;&nbsp;&nbsp;&nbsp;&nbsp;&nbsp;&nbsp;&nbsp;&nbsp;&nbsp;&nbsp;&nbsp;&nbsp;&nbsp;&nbsp;&nbsp;&nbsp;&nbsp;&nbsp;&nbsp;&nbsp;&nbsp;&nbsp;&nbsp;&nbsp;&nbsp;&nbsp;&nbsp;&nbsp;&nbsp;&nbsp;&nbsp;&nbsp;&nbsp;&nbsp;&nbsp;&nbsp;&nbsp;&nbsp;&nbsp;&nbsp;&nbsp;&nbsp;&nbsp;&nbsp;&nbsp;&nbsp; a</p>



<p>Buenos Aires vereda par&nbsp;&nbsp;&nbsp;&nbsp;&nbsp;&nbsp;&nbsp;&nbsp;&nbsp;&nbsp;&nbsp;&nbsp; Bv. Segui vereda par</p>



<p>-El turno de preferencia estará sujeto al número de aspirantes inscriptos.</p>



<p></p>

<p>INSCRIPCIÓN AL CICLO LECTIVO 2026 Desde 13/10 al 13/11 en el horario de 11:30 a 14hs. en nuestra institución La Paz 1369 REQUISITOS &#8211; Completar la ficha de inscripción &#8211; Adquirir en el lugar. &#8211; Fotocopia del DNI del niño y de padres/madres. &#8211; Fotocopia del carnet de vacunas. &#8212;&#8212;&#8212;&#8212;&#8212;- PRIORIDADES DE INGRESO RADIO ESCOLAR: &#8230; <a title="Educación Inicial" class="read-more" href="https://ens36-sfe.infd.edu.ar/sitio/educacion-inicial/" aria-label="More on Educación Inicial">[+]</a></p>
