{"id":1369,"date":"2019-07-24T11:41:35","date_gmt":"2019-07-24T14:41:35","guid":{"rendered":"https:\/\/ens36-sfe.infd.edu.ar\/sitio\/?page_id=1369"},"modified":"2019-10-14T16:40:59","modified_gmt":"2019-10-14T19:40:59","slug":"conferencistas-4","status":"publish","type":"page","link":"https:\/\/ens36-sfe.infd.edu.ar\/sitio\/1er-congreso-de-educacion-primaria\/conferencistas-4\/","title":{"rendered":"Conferencistas"},"content":{"rendered":"<p><span style=\"color: #3366ff;\"><strong>CONFERENCISTAS CONGRESO EDUCACI\u00d3N PRIMARIA<\/strong><\/span><\/p>\n<p style=\"padding-left: 90px;\"><img decoding=\"async\" loading=\"lazy\" class=\"wp-image-1402 aligncenter\" src=\"https:\/\/ens36-sfe.infd.edu.ar\/sitio\/wp-content\/uploads\/2019\/07\/Maria-Jose-Borsani2-1000x759.jpg\" alt=\"\" width=\"289\" height=\"219\" srcset=\"https:\/\/ens36-sfe.infd.edu.ar\/sitio\/wp-content\/uploads\/2019\/07\/Maria-Jose-Borsani2-1000x759.jpg 1000w, https:\/\/ens36-sfe.infd.edu.ar\/sitio\/wp-content\/uploads\/2019\/07\/Maria-Jose-Borsani2-768x583.jpg 768w, https:\/\/ens36-sfe.infd.edu.ar\/sitio\/wp-content\/uploads\/2019\/07\/Maria-Jose-Borsani2-1900x1442.jpg 1900w\" sizes=\"(max-width: 289px) 100vw, 289px\" \/><\/p>\n<p><strong>Mar\u00eda Jos\u00e9 Borsani<\/strong> es Terapista Ocupacional en Salud Mental por la Universidad Nacional de Rosario y Maestra Especializada en Educaci\u00f3n Diferencial.<\/p>\n<p>Se dedica al estudio y difusi\u00f3n de tem\u00e1ticas vinculadas con el ense\u00f1ar y el aprender, la escuela inclusiva, la accesibilidad, barreras al aprendizaje y la participaci\u00f3n, las configuraciones de apoyo y los ajustes razonables, a las adecuaciones curriculares y dem\u00e1s cuestiones afines.<\/p>\n<p>Ha desarrollado tareas docentes y profesionales en diversas instituciones y niveles educativos. Fue capacitadora de la Red Federal de Formaci\u00f3n Docente Continua del Ministerio de Educaci\u00f3n de la Provincia de Santa Fe.<\/p>\n<p>Docente a cargo del espacio curricular:\u00a0 \u201dDesarrollo Curricular y Adecuaciones Curriculares en la Escuela Inclusiva\u201d en la Diplomatura\u00a0 Superior en Educaci\u00f3n Inclusiva \u2013 Atenci\u00f3n a la Diversidad de la Universidad Nacional de Santiago del Estero.<\/p>\n<p>Miembro fundador y coordinadora del Equipo Interdisciplinario del Instituto de Pedagog\u00eda Cl\u00ednica de Rosario y asesora pedag\u00f3gica del Equipo de Apoyo a la Integraci\u00f3n Educativa del IPCR.<\/p>\n<p>Autora de trabajos de difusi\u00f3n masiva y cient\u00edfica\u00a0 relacionados con el aprendizaje sistem\u00e1tico y la inclusi\u00f3n educativa.<\/p>\n<p><em>Libros:<\/em><br \/>\n\u201cDe la Integraci\u00f3n escolar a la Educaci\u00f3n Inclusiva. De una opci\u00f3n a un derecho\u201d Homo Sapiens Ediciones. 2018<br \/>\n-\u201cAprender y ense\u00f1ar a leer y a escribir. Sus controversias. HomoSapiens 2015<br \/>\n<em>-\u201cConstruir un aula inclusiva. Estrategias e intervenciones\u201d Paidos 2011<br \/>\n<\/em><em>Menci\u00f3n de Honor del Premio: Isay Klasse al Libro de Educaci\u00f3n 2010- 2011 de la Fundaci\u00f3n El Libro.<br \/>\n<\/em>\u00a0-\u201cIntegraci\u00f3n educativa, diversidad y discapacidad en la escuela plural\u201d. Novedades Educativas. 2007<br \/>\n<em>\u00a0<\/em>-\u201cAdecuaciones Curriculares del tiempo y el espacio escolar. Organizaci\u00f3n Institucional y Necesidades Educativas Especiales\u201d. Novedades Educativas. 2003<br \/>\n&#8211; \u201cAdecuaciones Curriculares, apuntes de atenci\u00f3n a la diversidad\u201d\u00a0 Novedades Educativas 2001<br \/>\n\u201cIntegraci\u00f3n o Exclusi\u00f3n, la escuela com\u00fan y los ni\u00f1os con necesidades educativas especiales\u201d en coautor\u00eda con Mar\u00eda Cristina Gallicchio. Novedades Educativas 2000<\/p>\n<p><img decoding=\"async\" loading=\"lazy\" class=\"wp-image-1492 aligncenter\" src=\"https:\/\/ens36-sfe.infd.edu.ar\/sitio\/wp-content\/uploads\/2019\/10\/claudia-ortega-563x1000.jpg\" alt=\"\" width=\"165\" height=\"293\" srcset=\"https:\/\/ens36-sfe.infd.edu.ar\/sitio\/wp-content\/uploads\/2019\/10\/claudia-ortega-563x1000.jpg 563w, https:\/\/ens36-sfe.infd.edu.ar\/sitio\/wp-content\/uploads\/2019\/10\/claudia-ortega.jpg 640w\" sizes=\"(max-width: 165px) 100vw, 165px\" \/><\/p>\n<p><strong>Claudia Ortega.\u00a0\u00a0<\/strong>Especialista en nuevas infancias y Juventudes. U.N.R. Diplomada Superior en Pr\u00e1cticas Escolares en Contexto. Flacso. Especialista en Gesti\u00f3n de las Instituciones Educativas .FLACSO. Profesora en Psicopedagog\u00eda. Psicopedagoga.U.N.R.C.\u00a0 Psic\u00f3loga Social. Primera Escuela de Psicolog\u00eda Social \u00abDr Enrique Pich\u00f3n Riviere\u00bb<\/p>\n<p>Presidenta de Jurado de concurso de Nivel Superior. Ministerio de Educaci\u00f3n de la Provincia de Santa Fe. Ex Rectora de la Escuela Normal Superior N\u00b0 36 -Rosario<\/p>\n<p>Profesora de Nivel Superior.Supervisora de Nivel Superior. Ministerio de Educaci\u00f3n de la Provincia de Santa Fe.<\/p>\n<p>Ha publicado diversos art\u00edculos en revistas especializadas en educaci\u00f3n y en libros de coautor\u00eda.<\/p>\n<p>Ex asesora pedag\u00f3gica de la Regi\u00f3n VII y es docente universidad de R\u00edo Cuarto. Ex docente de la U.N.P.A. Ex docente de la universidad de Villa Mar\u00eda.<\/p>\n<p><span lang=\"ES\"><strong><strong style=\"color: #3366ff;\">\u00a0 \u00a0 \u00a0 \u00a0 \u00a0 \u00a0 \u00a0 \u00a0 \u00a0 \u00a0 \u00a0<\/strong><\/strong><\/span><\/p>\n<p><span lang=\"ES\"><strong><strong style=\"color: #3366ff;\"><img decoding=\"async\" loading=\"lazy\" class=\"wp-image-1393 aligncenter\" src=\"https:\/\/ens36-sfe.infd.edu.ar\/sitio\/wp-content\/uploads\/2019\/07\/pablo-Pineau2.jpg\" alt=\"\" width=\"179\" height=\"279\" \/><\/strong><\/strong><\/span><\/p>\n<p><span lang=\"ES\"><strong>Pablo\u00a0Pineau<\/strong> es<\/span>\u00a0Doctor\u00a0en\u00a0educaci\u00f3n\u00a0(UBA). Es Profesor titular regular\u00a0de\u00a0la\u00a0c\u00e1tedra\u00a0de\u00a0Historia\u00a0de\u00a0la\u00a0Educaci\u00f3n\u00a0Argentina\u00a0 y\u00a0 Latinoamericana\u00a0 (FFyL-UBA) y\u00a0de\u00a0la ENS N\u00b0 2 \u00abMariano Acosta\u00bb.\u00a0Cuenta con investigaciones y publicaciones nacionales e internacionales\u00a0en\u00a0tem\u00e1ticas\u00a0de\u00a0historia, teor\u00eda y pol\u00edtica\u00a0de\u00a0la\u00a0educaci\u00f3n.<br \/>\n<span lang=\"ES\">Tiene una vasta experiencia docente, que va desde el nivel primario hasta el postgrado.<br \/>\n<\/span>Ocup\u00f3 la\u00a0presidencia\u00a0de\u00a0la\u00a0Sociedad\u00a0Argentina\u00a0de\u00a0Historia\u00a0de\u00a0la\u00a0Educaci\u00f3n,<br \/>\ny la direcci\u00f3n del Departamento\u00a0de\u00a0Ciencias\u00a0de\u00a0la Educaci\u00f3n\u00a0de\u00a0la\u00a0UBA.<br \/>\nActualmente, dirige el Doctorado en Educaci\u00f3n de la UNTucum\u00e1n, y del Proyecto \u00abEspacios\u00a0de\u00a0Memoria\u00bb\u00a0de\u00a0la ENS \u00abMariano Acosta\u00bb.<\/p>\n<p>&nbsp;<\/p>\n<p><img decoding=\"async\" loading=\"lazy\" class=\"wp-image-1451 aligncenter\" src=\"https:\/\/ens36-sfe.infd.edu.ar\/sitio\/wp-content\/uploads\/2019\/09\/spiegel.jpg\" alt=\"\" width=\"277\" height=\"205\" \/><\/p>\n<p><strong>Alejandro Spiegel<\/strong> es Doctor en Ciencias de la Educaci\u00f3n (UBA). En la Universidad de Buenos Aires\u00a0 es profesor titular regular de Inform\u00e1tica en Ciencias de la Educaci\u00f3n y coordina el programa <em>\u00abGesti\u00f3n de Nuevos Recursos para Democratizar el Conocimiento\u00bb<\/em>, en la Facultad de Filosof\u00eda y Letras. En la Universidad Tecnol\u00f3gica Nacional dirige el grupo de investigaci\u00f3n TecMovAE (Tecnolog\u00edas M\u00f3viles Aplicadas a la Educaci\u00f3n).<br \/>\nEs profesor en carreras de posgrado de universidades como la UBA, la\u00a0 UTN, y la UNR; consultor internacional en Tecnolog\u00eda Educativa; conferencista y asesor en la producci\u00f3n de recursos did\u00e1cticos, y en el dise\u00f1o y coordinaci\u00f3n de estrategias colaborativas y de educaci\u00f3n a distancia. Es coordinador del Centro Cultural de la UTN-FRSN y codirector de Andamiio de Ideas.<br \/>\nEscribe libros para docentes y ni\u00f1os, guiones de teatro y produce videos orientados a la socializaci\u00f3n de la ciencia y la tecnolog\u00eda. Entre sus libros para docentes se encuentran: <em>Docentes y videos en tiempos de Youtue<\/em> (Agebe, 016);<em> Decidir frente a las pantallas<\/em> (Mandioca, 2016); <em>Ni tan genios ni tan idiotas. Tecnolog\u00edas:qu\u00e9 ense\u00f1ar a las uevas generaciones<\/em> (Homo sapiens 2013); <em>Planificanco Clases Interesantes<\/em> (Noveeduc, 2010). Entre sus libros para ni\u00f1os y j\u00f3venes en coautor\u00eda con S. Sposnic, se encuentran: <em>Camino a la\u00a0 Isla del Tesoro<\/em> (Edilar, M\u00e9xico 2016); <em>Camino al Zarco<\/em> (Edilar, Mexico 2012);<em> Camino al Popol-Vuh<\/em>\u00a0 (Edilar, M\u00e9xico 2044).<br \/>\nFue coordinador del Programa De Diagn\u00f3stico Social de la Secretar\u00eda de Ciencia y Tecnolog\u00eda de la<br \/>\nNaci\u00f3n, investigador responsable, del proyecto PICT <em>\u00abViolencias en la escuela:Sentidos, pr\u00e1cticas e Insituciones<\/em>\u00ab(financiado por la SECYT), director de la Licenciatura en Tecnolog\u00eda Educativa (UTN-FRSN);\u00a0 director de la entral Pedag\u00f3gica de AMIA, director de Proyectos Especiales de ORT Argentina, consultor para la producci\u00f3n de<br \/>\nmateriales did\u00e1cticos en programas de Formaci\u00f3n Profesional del Ministerio de Trabajo en el marco delprograma de Certificaci\u00f3n de Competencias Laborales; coordinador de eventos culturales del Centro Cultural San Martin de Buenos Aires, Presidente de la Comisi\u00f3n de Cultua y Educaci\u00f3n del C:A. de la UNESCO de Buenos Aires, coordinador del Area Tecnol\u00f3gica de la Direcci\u00f3n de Ense\u00f1anza Media del GCBA, investigador en APPeAL\u00a0 (Alternativas Pedag\u00f3gicas y Prospectiva en Am\u00e9rica Latina), adem\u00e1s de co-autor y coordinador del proyecto Centro Comunitario de Inform\u00e1tica, implementado en zonas marginada.<\/p>\n<p>&nbsp;<\/p>\n<p style=\"padding-left: 30px;\">\u00a0 \u00a0 \u00a0 \u00a0 \u00a0 \u00a0 \u00a0 \u00a0 \u00a0 \u00a0 \u00a0 \u00a0 \u00a0\u00a0<img decoding=\"async\" loading=\"lazy\" class=\"wp-image-1405 aligncenter\" src=\"https:\/\/ens36-sfe.infd.edu.ar\/sitio\/wp-content\/uploads\/2019\/07\/elisa-Welti2.jpg\" alt=\"\" width=\"244\" height=\"209\" \/><\/p>\n<p><strong>Elisa Welti<\/strong> Doctora en Educaci\u00f3n, Universidad Nacional de Entre R\u00edos. Magister en Educaci\u00f3n con menci\u00f3n en Formaci\u00f3n Docente, Universidad Nacional de Entre R\u00edos. Profesora en Ciencias de la Educaci\u00f3n, Universidad Nacional de Rosario.<\/p>\n<p>Docente de la carrera de Ciencias de la Educaci\u00f3n y del Ciclo de Formaci\u00f3n Docente de la Facultad de Humanidades y Artes, Universidad Nacional de Rosario. Docente de Institutos de Formaci\u00f3n Docente de la provincia de Santa Fe.<\/p>\n<p>Co-autora del libro <em>\u201cOlga y Leticia Cossettini en la Escuela Serena. Cultura, imagen y pedagog\u00eda<\/em>\u201d (Rosario, Laborde Editor, 2014), co-autora del art\u00edculo \u201cLa Escuela Nueva en Rosario: Olga Cossettini y la Escuela Serena\u201d (Santa Fe, 2018). Autora de diversos art\u00edculos y comunicaciones. Directora y co-directora de proyectos de investigaci\u00f3n<\/p>\n<p>&nbsp;<\/p>\n<p><img decoding=\"async\" loading=\"lazy\" class=\" wp-image-1445 aligncenter\" src=\"https:\/\/ens36-sfe.infd.edu.ar\/sitio\/wp-content\/uploads\/2019\/09\/Foto-Alicia-1.jpg\" alt=\"\" width=\"275\" height=\"275\" \/><\/p>\n<p><strong>ALICIA ROSA CAPOROSSI:\u00a0<\/strong><strong>Doctora en Humanidades y Artes con Menci\u00f3n en Educaci\u00f3n, <\/strong>Tesis de Investigaci\u00f3n \u201c<em>Las Pr\u00e1cticas de la Ense\u00f1anza en la Educaci\u00f3n Primaria. La dimensi\u00f3n pol\u00edtica del acto de ense\u00f1ar.\u201d<\/em> Directora de tesis la Dra. Liliana Sanjurjo. Escuela de Posgrado, Doctorado en Humanidades y Artes, Facultad de Humanidades y Artes, Universidad Nacional de Rosario, Argentina, 2011. Categor\u00eda A Resoluci\u00f3n N\u00ba 363\/2017 CONEAU.<br \/>\n<strong>-Diplomada Superior <\/strong>en Ciencias Sociales con menci\u00f3n en Curr\u00edculum y Pr\u00e1cticas Escolares en Contextos. FLACSO. Argentina, 2004.<br \/>\n<strong>-Profesora en Ciencias de la Educaci\u00f3n<\/strong>, Matr\u00edcula Universitaria 970652767219, Facultad de Humanidades y Artes de la Universidad Nacional de Rosario, Argentina, 2001.<br \/>\n<strong>-Coordinadora de Grupos Operativos en Psicolog\u00eda Social<\/strong> del Dr. Enrique Pich\u00f3n Rivi\u00e8re y otras Corrientes en Ciencias Sociales, Centro de Investigaci\u00f3n y Aprendizaje en Ciencias Sociales, inscripto en el Ministerio de Educaci\u00f3n y Justicia Superintendencia Nacional de Ense\u00f1anza Privada, Expediente N\u00ba 4498, de la ciudad de San Nicol\u00e1s, Pcia. de Buenos Aires, Argentina. A\u00f1o 1993.<br \/>\n<strong>-Maestra Normal<\/strong>,\u00a0 expedido por la Escuela Normal de Maestros de la Provincia de Santa Fe N\u00ba 5\u00a0 de Villa Constituci\u00f3n, a los veintisiete d\u00edas del mes de diciembre de 1968, registrado en el Ministerio de Educaci\u00f3n y Cultura de la Pcia. de Santa Fe con el N\u00ba 06207-C-81, Argentina.<br \/>\n<strong>-Coordinadora <\/strong>de la Maestr\u00eda en Pr\u00e1ctica Docente, Resoluci\u00f3n N\u00ba 1485\/14 CD. Facultad de Humanidades y Artes, UNR.\u00a0 Resoluciones de la Maestr\u00eda N\u00ba 905\/13 CS, Universidad Nacional de Rosario y Dictamen evaluaci\u00f3n favorable CONEAU (Consejo de Evaluaci\u00f3n, Acreditaci\u00f3n, Certificaci\u00f3n de la Calidad Educativa Universitaria) Sesi\u00f3n 392\/24-04-2014.<br \/>\n<strong>-Integrante del Comit\u00e9 Acad\u00e9mico <\/strong>de la Maestr\u00eda en Pr\u00e1ctica Docente, Resoluci\u00f3n del Consejo Directivo de la Facultad de Humanidades y Artes, UNR, N\u00ba 590\/2012.<br \/>\n<strong>-Coordinadora <\/strong>de la Maestr\u00eda en Docencia en el Campo de la Formaci\u00f3n en Pr\u00e1cticas Profesionales, Resoluci\u00f3n CS N\u00ba 297\/2017 creaci\u00f3n Carrera de la UNR, Resoluci\u00f3n CD N\u00ba 046\/2017 aprobaci\u00f3n Autoridades de la Facultad de Humanidades y Artes de la UNR, Dictamen favorable de la CONEAU 11-03-2019 Sesi\u00f3n N\u00ba 499.<br \/>\n<strong>-Coordinadora<\/strong> de la Especializaci\u00f3n en Ense\u00f1anza de la Escuela Media con Menci\u00f3n en: \u00c1rea de la Lengua y la Literatura, \u00c1rea de la Matem\u00e1tica, \u00c1rea de las Ciencias Naturales, \u00c1rea de las Ciencias Sociales, Resoluci\u00f3n CS N\u00ba 243\/2018 creaci\u00f3n Carrera de la UNR, Resoluci\u00f3n CD N\u00ba 054\/2018 aprobaci\u00f3n Autoridades de la Facultad de Humanidades y Artes de la UNR, Dictamen favorable de la CONEAU 29-04-2019 Sesi\u00f3n N\u00ba 502.<br \/>\n<strong>-Profesora<\/strong> de Seminarios y Talleres en carreras de Especializaci\u00f3n, Maestr\u00edas y Doctorados en Universidades Nacionales y de otros pa\u00edses Uruguay, Costa Rica, Colombia.<br \/>\n<strong>-Profesora Auxiliar <\/strong>de la C\u00e1tedra de Residencia en la Escuela de Ciencias de la Educaci\u00f3n, Facultad de Humanidades y Artes UNR, Argentina, a\u00f1o 2012 al 2015.<br \/>\n<strong>-Profesora Becaria de investigaci\u00f3n <\/strong>de la C\u00e1tedra de Residencia en la Escuela de Ciencias de la Educaci\u00f3n, Facultad de Humanidades y Artes UNR, Argentina, a\u00f1o 2005 y contin\u00faa.<br \/>\n<strong>-Directora<\/strong> de Tesis de Doctorado y de Maestr\u00edas, aprobadas y en curso.<br \/>\n<strong>-Asesora <\/strong>de tesinas aprobadas.<br \/>\n<strong>-Experiencia <\/strong>en Gesti\u00f3n acad\u00e9mica.<br \/>\n<strong>-Desempe\u00f1o <\/strong>en Educaci\u00f3n en el \u00e1mbito no universitario.<br \/>\n<strong>-Integrante <\/strong>en Proyectos de investigaci\u00f3n.<br \/>\n<strong>-Producci\u00f3n <\/strong>escrita de cap\u00edtulos de libros, de art\u00edculos cient\u00edficos.<br \/>\n<strong>-Participaci\u00f3n <\/strong>en eventos cient\u00edficos.<br \/>\n<strong>-Participaci\u00f3n <\/strong>en comit\u00e9s evaluadores.<\/p>\n<p>&nbsp;<\/p>\n<p><img decoding=\"async\" loading=\"lazy\" class=\"wp-image-1446 aligncenter\" src=\"https:\/\/ens36-sfe.infd.edu.ar\/sitio\/wp-content\/uploads\/2019\/09\/P1150616donostia.jpg\" alt=\"\" width=\"309\" height=\"300\" \/><\/p>\n<p><strong>Patricia Berdichevsky:\u00a0<\/strong>Profesora y licenciada en Artes Visuales; Profesora de Educaci\u00f3n Inicial. Diploma Superior en Educaci\u00f3n im\u00e1genes y medios. Capacitadora y formadora de docentes de ense\u00f1anza art\u00edstica, de nivel Inicial y primario. Asesora instituciones del pa\u00eds y la regi\u00f3n. Investiga la educaci\u00f3n art\u00edstica en la infancia y la primera infancia, en la formaci\u00f3n docente y en la articulaci\u00f3n de museos y escuelas.<\/p>\n<p>Autora y coautora de diversas publicaciones entre ellas: <em>Cuando los ni\u00f1os miran. Educaci\u00f3n, arte y cultura visual<\/em>; <em>Artes Visuales introducci\u00f3n al lenguaje de las im\u00e1genes;<\/em> <em>Primeras Huellas;<\/em> <em>Arte desde la cuna;<\/em> \u00a0<em>Zona Fant\u00e1stica<\/em>. Ministerio de Educaci\u00f3n de la Naci\u00f3n; <em>\u00bfQu\u00e9 hacen estos ni\u00f1os aqu\u00ed? Los ni\u00f1os de los jardines de infantes en los Museos de Arte de Buenos Aires<\/em>, en\u00a0 Arte, educaci\u00f3n y primera infancia: sentidos y experiencias\u00a0 OEI; <em>Juego y Arte en la Educaci\u00f3n Infantil<\/em> en Antolog\u00eda de Experiencias de la educaci\u00f3n inicial iberoamericana. OEI; \u00a0<em>Ense\u00f1ar a ense\u00f1ar artes visuales a ni\u00f1os peque\u00f1os;\u00a0 Arte y cultura visual en la formaci\u00f3n de maestros<\/em>. Revista Instrumento Univesidad Federal de Juiz de Fora. Brasil<em>;<\/em> <em>Arte y cultura visual en la formaci\u00f3n de maestros<\/em>; <em>Pasajes y contrastes: la ense\u00f1anza de las Artes Visuales entre el Nivel Inicial y la escuela primaria<\/em>; <em>Miradas de Educador, el desaf\u00edo de ense\u00f1ar a ense\u00f1ar\u00a0 artes visuales a ni\u00f1os peque\u00f1os.<\/em> En Hern\u00e1ndez, Fernando, Oliveira, Marilda ,<em>A forma\u00e7\u00e3o do professor e o ensino das artes visuais.<\/em>Universidad Fedaral de Santa Mar\u00eda. Brasil.<\/p>\n<p>Autora\u00a0 del apartado de \u00a0Artes \u00a0Visuales del \u00a0M\u00f3dulo de Artes Post\u00edtulo de Jard\u00edn Maternal del Infod.<\/p>\n<p>Titular de c\u00e1tedra de Did\u00e1ctica de las Artes Visuales y Taller de Arte y Cultura Visual en el Profesorado de Educaci\u00f3n Inicial de la UCES.\u00a0 Profesora en el seminario de Arte y Educaci\u00f3n en la Licenciatura en Educaci\u00f3n y Primeras Infancias de la Facultad de Humanidades de la Universidad Nacional del Litoral sede San Justo. Capacitadora en la Escuela de Maestros, Ministerio de Educaci\u00f3n ,CABA.<\/p>\n<p>Expone y participa en congresos con temas referidos a Educaci\u00f3n Art\u00edstica en la infancia, en la formaci\u00f3n docente en artes y a la relaci\u00f3n Museos de arte y escuela.<\/p>\n<p>Se desempe\u00f1\u00f3 en todos los niveles educativos, y como capacitadora en el Ministerio de Educaci\u00f3n de la Naci\u00f3n. Coordin\u00f3 el proyecto El Arte y el Jard\u00edn de Infantes de la Direcci\u00f3n del \u00c1rea de Educaci\u00f3n Inicial del GCBA y los proyectos <em>Maestros Argentinos Chicos de Buenos Aires <\/em>\u00a0con el Museo Sivori, <em>Quinquela y los Chicos en la Boca<\/em>, y <em>Badi\u00ed y los chicos, un di\u00e1logo en tres dimensiones<\/em>.<\/p>\n<p>Fue titular de la c\u00e1tedra de Lenguajes Art\u00edsticos en el post t\u00edtulo de Jard\u00edn Maternal en ISPEI Eccleston. Profesora en el Profesorado Eccleston y el Normal 10 donde fue coordinadora del proyecto de Mejora Institucional y creadora de la orientaci\u00f3n en Arte, Cultura y Escuela.<\/p>\n<p>Coordin\u00f3 el proyecto La ciudad como lienzo, murales realizados por ni\u00f1os en San Justo, Santa Fe, escuela de Arte y jardines municipales. Actualmente asesora el proyecto <em>Entre murales, arte p\u00fablico y primeras infancias <\/em>en el Normal 3 de Rosario. Participa del proyecto de Desarrollo profesional docente del Consejo General de Educaci\u00f3n de Entre R\u00edos.<\/p>\n<p>&nbsp;<\/p>\n","protected":false},"excerpt":{"rendered":"<p>CONFERENCISTAS CONGRESO EDUCACI\u00d3N PRIMARIA Mar\u00eda Jos\u00e9 Borsani es Terapista Ocupacional en Salud Mental por la Universidad Nacional de Rosario y Maestra Especializada en Educaci\u00f3n Diferencial. Se dedica al estudio y difusi\u00f3n de tem\u00e1ticas vinculadas con el ense\u00f1ar y el aprender, la escuela inclusiva, la accesibilidad, barreras al aprendizaje y la participaci\u00f3n, las configuraciones de apoyo &#8230; <a title=\"Conferencistas\" class=\"read-more\" href=\"https:\/\/ens36-sfe.infd.edu.ar\/sitio\/1er-congreso-de-educacion-primaria\/conferencistas-4\/\" aria-label=\"More on Conferencistas\">[+]<\/a><\/p>\n","protected":false},"author":2396,"featured_media":0,"parent":1335,"menu_order":0,"comment_status":"closed","ping_status":"closed","template":"","meta":[],"acf":[],"_links":{"self":[{"href":"https:\/\/ens36-sfe.infd.edu.ar\/sitio\/wp-json\/wp\/v2\/pages\/1369"}],"collection":[{"href":"https:\/\/ens36-sfe.infd.edu.ar\/sitio\/wp-json\/wp\/v2\/pages"}],"about":[{"href":"https:\/\/ens36-sfe.infd.edu.ar\/sitio\/wp-json\/wp\/v2\/types\/page"}],"author":[{"embeddable":true,"href":"https:\/\/ens36-sfe.infd.edu.ar\/sitio\/wp-json\/wp\/v2\/users\/2396"}],"replies":[{"embeddable":true,"href":"https:\/\/ens36-sfe.infd.edu.ar\/sitio\/wp-json\/wp\/v2\/comments?post=1369"}],"version-history":[{"count":26,"href":"https:\/\/ens36-sfe.infd.edu.ar\/sitio\/wp-json\/wp\/v2\/pages\/1369\/revisions"}],"predecessor-version":[{"id":1493,"href":"https:\/\/ens36-sfe.infd.edu.ar\/sitio\/wp-json\/wp\/v2\/pages\/1369\/revisions\/1493"}],"up":[{"embeddable":true,"href":"https:\/\/ens36-sfe.infd.edu.ar\/sitio\/wp-json\/wp\/v2\/pages\/1335"}],"wp:attachment":[{"href":"https:\/\/ens36-sfe.infd.edu.ar\/sitio\/wp-json\/wp\/v2\/media?parent=1369"}],"curies":[{"name":"wp","href":"https:\/\/api.w.org\/{rel}","templated":true}]}}